isor of s and 604?
4
Let a(n) = -4*n**2 + 144*n - 719. Let y be a(6). Calculate the greatest common divisor of y and 1543.
1
Let b be 0 + -5 + (-1 - (12 + -21)). Suppose b*o - 2120 = -2*o - 5*i, 2*o + 3*i - 849 = 0. Calculate the highest common divisor of o and 18.
9
Let i be 16*(211/1266 - (-26)/24). Let c(g) = 11*g**2 - 2*g - 1. Let q be c(-1). What is the highest common divisor of q and i?
4
Suppose -41*r = -427 - 270. Let y(v) = 15*v - 6*v**2 + 3 + v**3 - 10 - 4*v. Let m be y(7). What is the greatest common divisor of m and r?
17
Let f = 4173 + -4103. Calculate the highest common divisor of f and 2730.
70
Suppose -5*t + 4*c + 29 = 0, 5*t - c - 29 = 12. Suppose 254 + 1888 = t*y. What is the greatest common factor of y and 34?
34
Let c = -696 + 822. Let y(d) = d - 2. Let n be y(9). Suppose -4 = -2*k, -20 = -a + 4*k - n*k. Calculate the highest common divisor of c and a.
14
Let r = -105 + 111. Suppose -3*x - v = -r*v + 22, 0 = 2*x - 4*v + 18. Let h be x*-1*(-13 - -4). Calculate the greatest common divisor of 18 and h.
9
Suppose 5*p + 5*m - 315 = 0, p - 133*m = -138*m + 75. Let x be -2 - (-4)/(8/214). What is the greatest common divisor of p and x?
15
Suppose -3*n + 228 = -4*j, -124 = -j - 127. What is the greatest common factor of n and 54?
18
Let a(k) = 23*k**2 + 12*k + 5. Let z be a(15). Suppose -10*y + 2*y - z = 0. Let d be 3/((-21)/y) + 32/112. What is the highest common factor of d and 64?
32
Suppose 187*l + 333 = 186*l. Let g = l - -342. What is the greatest common factor of g and 12?
3
Let c be 1/78*13*2958. What is the highest common divisor of c and 145?
29
Suppose 198392 = 142*j - 130447 - 18919. Calculate the greatest common factor of 403 and j.
31
Let j(x) = 2*x**2 + 28*x - 28. Let q be j(-18). Let v = -63 - -237. Calculate the greatest common factor of q and v.
58
Suppose -125 = -3*t - 140, -615 = -5*d - 3*t. What is the greatest common factor of d and 434?
14
Let n(s) = -6*s - 3. Let i be n(-7). What is the greatest common divisor of i and 7800?
39
Let h(d) be the third derivative of d**5/60 - d**4/3 + 19*d**3/6 + 25*d**2. Let l be h(7). Suppose -p = -l + 11. What is the greatest common divisor of 1 and p?
1
Let t be (297/45)/((-44)/120 - 4/(-6)). Suppose 4*h = 6*h - 308. What is the highest common factor of h and t?
22
Suppose -31 = 2*c - 14*w + 13*w, -4*c - 5*w - 97 = 0. Let v be ((-6)/c - 0) + (-53)/(-3). What is the highest common factor of 63 and v?
9
Suppose -235 + 237 = 2*l. Let m be (-2625)/(-60) + l/4. Suppose 3*q = -12, 0 = -2*z + 2*q - 3*q + 18. Calculate the highest common factor of z and m.
11
Suppose 3*q = 2*n + 56, q - n - 31 = -12. Let i(z) = -z**2 + 24*z + 499. Let a be i(-13). What is the highest common factor of q and a?
18
Let u be (48/72)/((-4)/(-786)) + -2. Let l = u - 35. Calculate the highest common divisor of l and 47.
47
Let h = -1 + 5. Let z be (-6)/1*h/4. Let m be 0 + 4 + (-8 - z). What is the highest common factor of 20 and m?
2
Suppose -163 = -4*k - 155. Suppose 5*i = -2*r + 147, r = -k*i - 3*r + 62. Calculate the highest common divisor of i and 4.
1
Let b = 38 + -36. Let n be b/(-7) - (-4227)/21. What is the highest common factor of n and 67?
67
Suppose x + 228 = 106*r - 105*r, -2*x = -3*r + 681. Calculate the highest common factor of r and 1275.
75
Let w(i) = i**2 - 4*i - 2. Let h be w(6). Suppose -96 = -13*g + h*g. Let z be (-33)/(-1) - (-2 - (8 - 19)). What is the highest common factor of z and g?
8
Let l(b) = b**2 - 139*b - 2617. Let p be l(-19). What is the highest common divisor of p and 133?
7
Suppose -247 = 40*g - 807. Calculate the greatest common factor of g and 567.
7
Let l be 2*3 + (-14 - 10). Let i be (-4 - (-212)/8) + l/12. What is the greatest common divisor of 35 and i?
7
Let a be ((-26)/(-4))/(7/(-182)). Let k be (0 - 610)/(6 - 8). Let l = k + a. What is the highest common factor of 34 and l?
34
Let h be 4/(-7) + 190/14. Suppose 0 = -2*g - g + 3*w + 141, 4*w - 228 = -4*g. Calculate the greatest common divisor of g and h.
13
Suppose -4*t - 1 = -5*j, 2*t + 6*j = j + 7. Let d(a) = a**2 - 8*a + 5. Let m be d(10). What is the greatest common divisor of t and m?
1
Let a be -6*(-9)/12*2. Let f = a - -136. Suppose -2*x + 10 = 3*x, -112 = -4*b + 2*x. Calculate the highest common factor of f and b.
29
Suppose 10*v - 7*v - 6 = 0. Let y(f) = 12*f**3 - 3*f**2 + 1. Let h be y(v). What is the greatest common divisor of h and 17?
17
Let o = -3072 - -1437. Let s = -1623 - o. Let y be 61 - 0/(-2) - 1. Calculate the highest common factor of y and s.
12
Let h be ((-909)/45 - -17)/(27/30 - 1). Calculate the highest common divisor of 2896 and h.
16
Let t = -748 + 893. Calculate the greatest common divisor of 841 and t.
29
Let y = 50 + -26. Let a be 6/(-9) - -314*(-8)/(-24). What is the greatest common factor of a and y?
8
Let r be 195024/27 - (-16)/18. What is the highest common factor of r and 4?
4
Let p = 157 - 92. Let t = 68 - p. Let i(a) = a**2 + 7*a - 24. Let x be i(t). What is the highest common divisor of 3 and x?
3
Suppose -33 = 3*r + 3*g - 75, -7*r + 2*g = -35. Suppose 1281 = 6*c - 3*c. What is the greatest common factor of r and c?
7
Let o = -110 + -14. Let i = o + 178. Calculate the greatest common factor of i and 90.
18
Let r be (2 - -12)*(-15 + 18). Suppose -8 = -5*l + r. Let s = l + -4. Calculate the highest common factor of 48 and s.
6
Suppose -175*z - 16682 = -k - 171*z, 4*k - 66660 = -z. Calculate the highest common divisor of 26 and k.
26
Suppose -4*a = -8*y + 39144, -4*y + 3*a + 3349 = -16229. What is the greatest common divisor of 60 and y?
30
Let x(o) = -5*o - 47. Let y be x(-13). Suppose 0 = 4*r + 4*w - 18 - y, -2*r + 9 = 5*w. What is the highest common factor of 372 and r?
12
Let f(z) = -z**2 - 17*z - 32. Let t be f(-15). Let g be (20/(-15))/t*39. Let q = -357 - -448. Calculate the highest common divisor of q and g.
13
Suppose -2*j - 20 + 48 = 0. Let w(v) = -1149*v + 13. Let k be w(-1). Calculate the greatest common factor of k and j.
14
Let v = 12 - 10. Suppose v*q = 131 - 27. Let h = -28 + q. Calculate the highest common divisor of 168 and h.
24
Let h be ((-20)/(-15) + -4)*-18. Suppose 18*x = 2*x + h. What is the greatest common factor of x and 60?
3
Let s(r) = 58*r**2 + r + 1. Let u be s(-1). Let m = u + -83. Let g be ((-80)/25)/4*m. Calculate the highest common factor of g and 8.
4
Suppose 0 = 10*x - x - 275 - 2398. What is the highest common divisor of 209 and x?
11
Suppose 61*z - 63*z = -8. Suppose 2*h + 72 = 2*u, -4*u + 60 + 52 = z*h. What is the greatest common divisor of 1504 and u?
32
Let z = 4670 + -4668. Calculate the highest common factor of z and 158.
2
Let d be 1 + (-6)/15*-1165. Let c = d + -446. Calculate the highest common divisor of c and 336.
21
Let i(w) = 2*w**2 - 19*w - 301. Let h be i(-12). What is the greatest common divisor of 86 and h?
43
Suppose 0 = -3*c - 5*j + 190, -j - 330 = -5*c + 4*j. Let m = c - 62. Suppose 3*y - m*l + 4*l - 163 = 0, 2 = -l. What is the highest common divisor of 11 and y?
11
Suppose -g + 162 = 13*a, 207 = 19*g - 18*g - 2*a. Calculate the highest common divisor of 201 and g.
201
Suppose -11*o + 2141 - 401 = 18*o. Let v be 2 - 2*-389 - 0. Calculate the highest common divisor of o and v.
60
Suppose -26 = 7*l - 103. Suppose -3*x + l - 2 = 0. Suppose n + n = 36. What is the greatest common divisor of n and x?
3
Let a be ((-15)/10)/((-2822)/1408 - -2). Suppose -7*j = -3*j - a. Calculate the highest common factor of j and 8.
8
Let h(x) be the second derivative of 13*x + 0 - 23/2*x**2 - x**3. Let t be h(-8). Calculate the greatest common factor of 5 and t.
5
Let s(q) = -3*q - 28. Let f be s(-9). Let u be (f/2)/(1/(-14)). Suppose 119 = u*k - 154. What is the greatest common divisor of k and 13?
13
Suppose 0*m = g - 2*m - 6, 2*g - 22 = 2*m. Let r be 2*(-943 - 9)/(-7). What is the greatest common divisor of g and r?
16
Suppose -u + 5*w + 696 = -3*u, -u - 348 = -2*w. Let x = u - -353. What is the greatest common divisor of x and 10?
5
Let u = -144 - -246. Let g = u + -97. Suppose -214 = -4*x + y - 3*y, g*x + 3*y - 265 = 0. Calculate the highest common factor of x and 7.
7
Suppose 4*a - 17 = -2*z - 1, -5*z = -2*a - 4. Suppose a*y = -y + 224. Let v = 7 + 1. What is the greatest common divisor of y and v?
8
Suppose 14 = 3*g - 28. Suppose -2*